e prime factors of 12067?
11, 1097
List the prime factors of 700.
2, 5, 7
What are the prime factors of 930?
2, 3, 5, 31
What are the prime factors of 768?
2, 3
List the prime factors of 4032.
2, 3, 7
List the prime factors of 1124.
2, 281
What are the prime factors of 6309?
3, 701
What are the prime factors of 2818?
2, 1409
What are the prime factors of 1890?
2, 3, 5, 7
List the prime factors of 2742.
2, 3, 457
What are the prime factors of 2702?
2, 7, 193
What are the prime factors of 24180?
2, 3, 5, 13, 31
What are the prime factors of 2242?
2, 19, 59
What are the prime factors of 1592?
2, 199
List the prime factors of 23299.
23, 1013
What are the prime factors of 3557?
3557
List the prime factors of 12984.
2, 3, 541
What are the prime factors of 162898?
2, 79, 1031
List the prime factors of 1011.
3, 337
What are the prime factors of 18?
2, 3
What are the prime factors of 61761?
3, 7, 17, 173
List the prime factors of 479.
479
What are the prime factors of 222?
2, 3, 37
List the prime factors of 23270.
2, 5, 13, 179
What are the prime factors of 2215?
5, 443
What are the prime factors of 32378?
2, 16189
What are the prime factors of 5819?
11, 23
List the prime factors of 49972.
2, 13, 31
What are the prime factors of 10803?
3, 13, 277
What are the prime factors of 14048?
2, 439
List the prime factors of 2925.
3, 5, 13
What are the prime factors of 2698?
2, 19, 71
List the prime factors of 184606.
2, 241, 383
List the prime factors of 976.
2, 61
What are the prime factors of 577?
577
List the prime factors of 10603.
23, 461
What are the prime factors of 1425?
3, 5, 19
List the prime factors of 40360.
2, 5, 1009
List the prime factors of 4315.
5, 863
What are the prime factors of 8648?
2, 23, 47
What are the prime factors of 8611?
79, 109
List the prime factors of 3467.
3467
List the prime factors of 5411.
7, 773
What are the prime factors of 15665?
5, 13, 241
List the prime factors of 3421.
11, 311
What are the prime factors of 55371?
3, 18457
What are the prime factors of 979?
11, 89
What are the prime factors of 176?
2, 11
List the prime factors of 40745.
5, 29, 281
List the prime factors of 4926.
2, 3, 821
What are the prime factors of 2646?
2, 3, 7
List the prime factors of 3610.
2, 5, 19
What are the prime factors of 20221?
73, 277
What are the prime factors of 1593?
3, 59
List the prime factors of 67555.
5, 59, 229
List the prime factors of 2054.
2, 13, 79
List the prime factors of 23349.
3, 43, 181
List the prime factors of 1385.
5, 277
List the prime factors of 659.
659
What are the prime factors of 2203?
2203
What are the prime factors of 1748?
2, 19, 23
What are the prime factors of 105549?
3, 151, 233
List the prime factors of 3185.
5, 7, 13
What are the prime factors of 1233?
3, 137
List the prime factors of 56.
2, 7
List the prime factors of 20843.
19, 1097
List the prime factors of 22593.
3, 17, 443
List the prime factors of 9147.
3, 3049
What are the prime factors of 2671?
2671
What are the prime factors of 1371?
3, 457
What are the prime factors of 7848?
2, 3, 109
List the prime factors of 1574.
2, 787
List the prime factors of 855.
3, 5, 19
What are the prime factors of 38312?
2, 4789
What are the prime factors of 33623?
33623
List the prime factors of 28001.
28001
List the prime factors of 582.
2, 3, 97
List the prime factors of 5057.
13, 389
What are the prime factors of 7220?
2, 5, 19
List the prime factors of 16.
2
List the prime factors of 326.
2, 163
List the prime factors of 788.
2, 197
What are the prime factors of 86628?
2, 3, 7219
List the prime factors of 2964.
2, 3, 13, 19
List the prime factors of 626.
2, 313
What are the prime factors of 13381?
13381
List the prime factors of 101.
101
List the prime factors of 469.
7, 67
List the prime factors of 1044.
2, 3, 29
What are the prime factors of 1047?
3, 349
List the prime factors of 11494.
2, 7, 821
List the prime factors of 127791.
3, 4733
What are the prime factors of 1027?
13, 79
List the prime factors of 10958.
2, 5479
List the prime factors of 3417.
3, 17, 67
List the prime factors of 16624.
2, 1039
List the prime factors of 2148.
2, 3, 179
List the prime factors of 114.
2, 3, 19
List the prime factors of 26327.
7, 3761
List the prime factors of 22501.
22501
List the prime factors of 2357.
2357
What are the prime factors of 831?
3, 277
What are the prime factors of 49?
7
What are the prime factors of 39573?
3, 4397
List the prime factors of 28228.
2, 7057
List the prime factors of 6383.
13, 491
What are the prime factors of 13080?
2, 3, 5, 109
List the prime factors of 10458.
2, 3, 7, 83
What are the prime factors of 816?
2, 3, 17
List the prime factors of 93287.
93287
What are the prime factors of 36731?
23, 1597
What are the prime factors of 490?
2, 5, 7
List the prime factors of 1548.
2, 3, 43
List the prime factors of 31549.
7, 4507
What are the prime factors of 13114?
2, 79, 83
What are the prime factors of 4314?
2, 3, 719
List the prime factors of 11808.
2, 3, 41
What are the prime factors of 2441?
2441
What are the prime factors of 6290?
2, 5, 17, 37
What are the prime factors of 689?
13, 53
What are the prime factors of 5649?
3, 7, 269
List the prime factors of 45169.
17, 2657
List the prime factors of 774.
2, 3, 43
What are the prime factors of 6149?
11, 13, 43
List the prime factors of 3532.
2, 883
List the prime factors of 13376.
2, 11, 19
What are the prime factors of 2869?
19, 151
List the prime factors of 4844.
2, 7, 173
List the prime factors of 6950.
2, 5, 139
List the prime factors of 2237.
2237
List the prime factors of 588.
2, 3, 7
List the prime factors of 69755.
5, 7, 1993
List the prime factors of 10153.
11, 13, 71
List the prime factors of 14366.
2, 11, 653
What are the prime factors of 131335?
5, 26267
List the prime factors of 1467.
3, 163
List the prime factors of 1494.
2, 3, 83
What are the prime factors of 33685?
5, 6737
List the prime factors of 1274.
2, 7, 13
What are the prime factors of 62312?
2, 7789
List the prime factors of 39221.
7, 13, 431
What are the prime factors of 1669?
1669
List the prime factors of 158.
2, 79
What are the prime factors of 450?
2, 3, 5
List the prime factors of 3015.
3, 5, 67
What are the prime factors of 9323?
9323
What are the prime factors of 1282?
2, 641
What are the prime factors of 45302?
2, 22651
What are the prime factors of 2914?
2, 31, 47
What are the prime factors of 707?
7, 101
What are the prime factors of 700?
2, 5, 7
What are the prime factors of 5225?
5, 11, 19
What are the prime factors of 311?
311
What are the prime factors of 463?
463
List the prime factors of 904.
2, 113
What are the prime factors of 16128?
2, 3, 7
List the prime factors of 530.
2, 5, 53
What are the prime factors of 847?
7, 11
What are the prime factors of 11296?
2, 353
What are the prime factors of 2421?
3, 269
What are the prime factors of 126590?
2, 5, 12659
List the prime factors of 108029.
59, 1831
What are the prime factors of 2785?
5, 557
What are the prime factors of 2558?
2, 1279
What are the prime factors of 1346?
2, 673
What are the prime factors of 1284?
2, 3, 107
What are the prime factors of 458?
2, 229
List the prime factors of 16.
2
List the prime factors of 7686.
2, 3, 7, 61
What are the prime factors of 236?
2, 59
List the prime factors of 2221.
2221
What are the prime factors of 36045?
3, 5, 89
What are the prime factors of 43015?
5, 7, 1229
What are the prime factors of 46170?
2, 3, 5, 19
List the prime factors of 496.
2, 31
What are the prime factors of 1882?
2, 941
List the prime factors of 183460.
2, 5, 9173
List the prime factors of 720.
2, 3, 5
List the prime factors of 635.
5, 127
List the prime factors of 28832.
2, 17, 53
List the prime factors of 105272.
2, 13159
List the prime factors of 161862.
2, 3, 53, 509
List the prime factors of 293.
293
List the prime factors of 10514.
2, 7, 751
What are the prime factors of 19092?
2, 3, 37, 43
List the prime factors of 7508.
2, 1877
List the prime factors of 4187.
53, 79
List the prime factors of 85518.
2, 3, 4751
What are the prime factors of 10629?
3, 1181
List the prime factors of 12638.
2, 71, 89
List the prime factors of 135.
3, 5
List the prime factors of 89256.
2, 3, 3719
List the prime factors of 1145.
5, 229
What are the prime fac